{"id":510,"date":"2011-10-31T00:00:52","date_gmt":"2011-10-30T21:00:52","guid":{"rendered":"http:\/\/koskelanet.com\/?page_id=510"},"modified":"2011-10-31T00:01:09","modified_gmt":"2011-10-30T21:01:09","slug":"kasnas-kemionsaari-2011","status":"publish","type":"page","link":"https:\/\/koskelanet.com\/wordpress\/perhealbumin-kuvia\/kasnas-kemionsaari-2011\/","title":{"rendered":"Kasn\u00e4s, Kemi\u00f6nsaari 2011"},"content":{"rendered":"<p>N\u00e4kymi\u00e4 lokakuun lopun Kasn\u00e4sist\u00e4, 2011.<\/p>\n<div id='gallery-1' class='gallery galleryid-510 gallery-columns-3 gallery-size-thumbnail'><dl class='gallery-item'>\n\t\t\t<dt class='gallery-icon landscape'>\n\t\t\t\t<a href='https:\/\/koskelanet.com\/wordpress\/wp-content\/uploads\/2011\/10\/DSC_2955-1024.jpg' rel=\"lightbox[510]\"><img loading=\"lazy\" decoding=\"async\" width=\"150\" height=\"150\" src=\"https:\/\/koskelanet.com\/wordpress\/wp-content\/uploads\/2011\/10\/DSC_2955-1024-150x150.jpg\" class=\"attachment-thumbnail size-thumbnail\" alt=\"\" \/><\/a>\n\t\t\t<\/dt><\/dl><dl class='gallery-item'>\n\t\t\t<dt class='gallery-icon landscape'>\n\t\t\t\t<a href='https:\/\/koskelanet.com\/wordpress\/wp-content\/uploads\/2011\/10\/DSC_2971-1024.jpg' rel=\"lightbox[510]\"><img loading=\"lazy\" decoding=\"async\" width=\"150\" height=\"150\" src=\"https:\/\/koskelanet.com\/wordpress\/wp-content\/uploads\/2011\/10\/DSC_2971-1024-150x150.jpg\" class=\"attachment-thumbnail size-thumbnail\" alt=\"\" \/><\/a>\n\t\t\t<\/dt><\/dl><dl class='gallery-item'>\n\t\t\t<dt class='gallery-icon landscape'>\n\t\t\t\t<a href='https:\/\/koskelanet.com\/wordpress\/wp-content\/uploads\/2011\/10\/DSC_2972-1024.jpg' rel=\"lightbox[510]\"><img loading=\"lazy\" decoding=\"async\" width=\"150\" height=\"150\" src=\"https:\/\/koskelanet.com\/wordpress\/wp-content\/uploads\/2011\/10\/DSC_2972-1024-150x150.jpg\" class=\"attachment-thumbnail size-thumbnail\" alt=\"\" \/><\/a>\n\t\t\t<\/dt><\/dl><br style=\"clear: both\" \/><dl class='gallery-item'>\n\t\t\t<dt class='gallery-icon landscape'>\n\t\t\t\t<a href='https:\/\/koskelanet.com\/wordpress\/wp-content\/uploads\/2011\/10\/DSC_2974-1024.jpg' rel=\"lightbox[510]\"><img loading=\"lazy\" decoding=\"async\" width=\"150\" height=\"150\" src=\"https:\/\/koskelanet.com\/wordpress\/wp-content\/uploads\/2011\/10\/DSC_2974-1024-150x150.jpg\" class=\"attachment-thumbnail size-thumbnail\" alt=\"\" \/><\/a>\n\t\t\t<\/dt><\/dl><dl class='gallery-item'>\n\t\t\t<dt class='gallery-icon landscape'>\n\t\t\t\t<a href='https:\/\/koskelanet.com\/wordpress\/wp-content\/uploads\/2011\/10\/DSC_2982-1024.jpg' rel=\"lightbox[510]\"><img loading=\"lazy\" decoding=\"async\" width=\"150\" height=\"150\" src=\"https:\/\/koskelanet.com\/wordpress\/wp-content\/uploads\/2011\/10\/DSC_2982-1024-150x150.jpg\" class=\"attachment-thumbnail size-thumbnail\" alt=\"\" \/><\/a>\n\t\t\t<\/dt><\/dl><dl class='gallery-item'>\n\t\t\t<dt class='gallery-icon landscape'>\n\t\t\t\t<a href='https:\/\/koskelanet.com\/wordpress\/wp-content\/uploads\/2011\/10\/DSC_2995-1024.jpg' rel=\"lightbox[510]\"><img loading=\"lazy\" decoding=\"async\" width=\"150\" height=\"150\" src=\"https:\/\/koskelanet.com\/wordpress\/wp-content\/uploads\/2011\/10\/DSC_2995-1024-150x150.jpg\" class=\"attachment-thumbnail size-thumbnail\" alt=\"\" \/><\/a>\n\t\t\t<\/dt><\/dl><br style=\"clear: both\" \/><dl class='gallery-item'>\n\t\t\t<dt class='gallery-icon landscape'>\n\t\t\t\t<a href='https:\/\/koskelanet.com\/wordpress\/wp-content\/uploads\/2011\/10\/DSC_3005-1024.jpg' rel=\"lightbox[510]\"><img loading=\"lazy\" decoding=\"async\" width=\"150\" height=\"150\" src=\"https:\/\/koskelanet.com\/wordpress\/wp-content\/uploads\/2011\/10\/DSC_3005-1024-150x150.jpg\" class=\"attachment-thumbnail size-thumbnail\" alt=\"\" \/><\/a>\n\t\t\t<\/dt><\/dl><dl class='gallery-item'>\n\t\t\t<dt class='gallery-icon landscape'>\n\t\t\t\t<a href='https:\/\/koskelanet.com\/wordpress\/wp-content\/uploads\/2011\/10\/DSC_3007-1024.jpg' rel=\"lightbox[510]\"><img loading=\"lazy\" decoding=\"async\" width=\"150\" height=\"150\" src=\"https:\/\/koskelanet.com\/wordpress\/wp-content\/uploads\/2011\/10\/DSC_3007-1024-150x150.jpg\" class=\"attachment-thumbnail size-thumbnail\" alt=\"\" \/><\/a>\n\t\t\t<\/dt><\/dl>\n\t\t\t<br style='clear: both' \/>\n\t\t<\/div>\n\n","protected":false},"excerpt":{"rendered":"<p>N\u00e4kymi\u00e4 lokakuun lopun Kasn\u00e4sist\u00e4, 2011.<\/p>\n","protected":false},"author":2,"featured_media":0,"parent":378,"menu_order":0,"comment_status":"closed","ping_status":"closed","template":"onecolumn-page.php","meta":{"footnotes":""},"class_list":["post-510","page","type-page","status-publish","hentry"],"_links":{"self":[{"href":"https:\/\/koskelanet.com\/wordpress\/wp-json\/wp\/v2\/pages\/510","targetHints":{"allow":["GET"]}}],"collection":[{"href":"https:\/\/koskelanet.com\/wordpress\/wp-json\/wp\/v2\/pages"}],"about":[{"href":"https:\/\/koskelanet.com\/wordpress\/wp-json\/wp\/v2\/types\/page"}],"author":[{"embeddable":true,"href":"https:\/\/koskelanet.com\/wordpress\/wp-json\/wp\/v2\/users\/2"}],"replies":[{"embeddable":true,"href":"https:\/\/koskelanet.com\/wordpress\/wp-json\/wp\/v2\/comments?post=510"}],"version-history":[{"count":2,"href":"https:\/\/koskelanet.com\/wordpress\/wp-json\/wp\/v2\/pages\/510\/revisions"}],"predecessor-version":[{"id":512,"href":"https:\/\/koskelanet.com\/wordpress\/wp-json\/wp\/v2\/pages\/510\/revisions\/512"}],"up":[{"embeddable":true,"href":"https:\/\/koskelanet.com\/wordpress\/wp-json\/wp\/v2\/pages\/378"}],"wp:attachment":[{"href":"https:\/\/koskelanet.com\/wordpress\/wp-json\/wp\/v2\/media?parent=510"}],"curies":[{"name":"wp","href":"https:\/\/api.w.org\/{rel}","templated":true}]}}