{"id":390,"date":"2011-10-23T19:32:25","date_gmt":"2011-10-23T16:32:25","guid":{"rendered":"http:\/\/koskelanet.com\/wordpress\/?page_id=390"},"modified":"2011-10-26T22:57:05","modified_gmt":"2011-10-26T19:57:05","slug":"parnu-viro-2011","status":"publish","type":"page","link":"https:\/\/koskelanet.com\/wordpress\/perhealbumin-kuvia\/parnu-viro-2011\/","title":{"rendered":"P\u00e4rnu, Viro"},"content":{"rendered":"<p>T\u00e4nne tulee kuvia P\u00e4rnun matkalta 2011. (Kuvat ty\u00f6n alla)<\/p>\n\n","protected":false},"excerpt":{"rendered":"<p>T\u00e4nne tulee kuvia P\u00e4rnun matkalta 2011. (Kuvat ty\u00f6n alla)<\/p>\n","protected":false},"author":2,"featured_media":0,"parent":378,"menu_order":0,"comment_status":"closed","ping_status":"closed","template":"onecolumn-page.php","meta":{"footnotes":""},"class_list":["post-390","page","type-page","status-publish","hentry"],"_links":{"self":[{"href":"https:\/\/koskelanet.com\/wordpress\/wp-json\/wp\/v2\/pages\/390","targetHints":{"allow":["GET"]}}],"collection":[{"href":"https:\/\/koskelanet.com\/wordpress\/wp-json\/wp\/v2\/pages"}],"about":[{"href":"https:\/\/koskelanet.com\/wordpress\/wp-json\/wp\/v2\/types\/page"}],"author":[{"embeddable":true,"href":"https:\/\/koskelanet.com\/wordpress\/wp-json\/wp\/v2\/users\/2"}],"replies":[{"embeddable":true,"href":"https:\/\/koskelanet.com\/wordpress\/wp-json\/wp\/v2\/comments?post=390"}],"version-history":[{"count":7,"href":"https:\/\/koskelanet.com\/wordpress\/wp-json\/wp\/v2\/pages\/390\/revisions"}],"predecessor-version":[{"id":506,"href":"https:\/\/koskelanet.com\/wordpress\/wp-json\/wp\/v2\/pages\/390\/revisions\/506"}],"up":[{"embeddable":true,"href":"https:\/\/koskelanet.com\/wordpress\/wp-json\/wp\/v2\/pages\/378"}],"wp:attachment":[{"href":"https:\/\/koskelanet.com\/wordpress\/wp-json\/wp\/v2\/media?parent=390"}],"curies":[{"name":"wp","href":"https:\/\/api.w.org\/{rel}","templated":true}]}}

Pärnu, Viro

<p>Tänne tulee kuvia Pärnun matkalta 2011. (Kuvat työn alla)</p>
