{"id":338,"date":"2011-10-18T23:26:21","date_gmt":"2011-10-18T20:26:21","guid":{"rendered":"http:\/\/koskelanet.com\/wordpress\/?page_id=338"},"modified":"2011-10-26T22:45:46","modified_gmt":"2011-10-26T19:45:46","slug":"henkilokuvia","status":"publish","type":"page","link":"https:\/\/koskelanet.com\/wordpress\/kuvat\/henkilokuvia\/","title":{"rendered":"Henkil\u00f6kuvia"},"content":{"rendered":"<p>T\u00e4m\u00e4 sivu on viel\u00e4 kesken&#8230;<br \/>\n<\/p>\n","protected":false},"excerpt":{"rendered":"<p>T\u00e4m\u00e4 sivu on viel\u00e4 kesken&#8230;<\/p>\n","protected":false},"author":2,"featured_media":0,"parent":289,"menu_order":0,"comment_status":"closed","ping_status":"closed","template":"onecolumn-page.php","meta":{"footnotes":""},"class_list":["post-338","page","type-page","status-publish","hentry"],"_links":{"self":[{"href":"https:\/\/koskelanet.com\/wordpress\/wp-json\/wp\/v2\/pages\/338","targetHints":{"allow":["GET"]}}],"collection":[{"href":"https:\/\/koskelanet.com\/wordpress\/wp-json\/wp\/v2\/pages"}],"about":[{"href":"https:\/\/koskelanet.com\/wordpress\/wp-json\/wp\/v2\/types\/page"}],"author":[{"embeddable":true,"href":"https:\/\/koskelanet.com\/wordpress\/wp-json\/wp\/v2\/users\/2"}],"replies":[{"embeddable":true,"href":"https:\/\/koskelanet.com\/wordpress\/wp-json\/wp\/v2\/comments?post=338"}],"version-history":[{"count":3,"href":"https:\/\/koskelanet.com\/wordpress\/wp-json\/wp\/v2\/pages\/338\/revisions"}],"predecessor-version":[{"id":493,"href":"https:\/\/koskelanet.com\/wordpress\/wp-json\/wp\/v2\/pages\/338\/revisions\/493"}],"up":[{"embeddable":true,"href":"https:\/\/koskelanet.com\/wordpress\/wp-json\/wp\/v2\/pages\/289"}],"wp:attachment":[{"href":"https:\/\/koskelanet.com\/wordpress\/wp-json\/wp\/v2\/media?parent=338"}],"curies":[{"name":"wp","href":"https:\/\/api.w.org\/{rel}","templated":true}]}}